 divided by 30137.
605
What is the remainder when 4476720 is divided by 3394?
34
What is the remainder when 5235262 is divided by 118?
74
Calculate the remainder when 719000894 is divided by 25.
19
Calculate the remainder when 14269203 is divided by 58721.
0
What is the remainder when 10494509 is divided by 11609?
11582
Calculate the remainder when 27019154 is divided by 839.
837
What is the remainder when 1191950 is divided by 21?
11
Calculate the remainder when 3177394 is divided by 18913.
10
Calculate the remainder when 412005904 is divided by 39.
37
What is the remainder when 5886806 is divided by 31?
30
Calculate the remainder when 195948 is divided by 2504.
636
What is the remainder when 5126634 is divided by 260?
214
What is the remainder when 5635007 is divided by 383?
311
What is the remainder when 8458481 is divided by 272854?
7
What is the remainder when 5601 is divided by 4045?
1556
What is the remainder when 276853434 is divided by 2666?
2664
Calculate the remainder when 10798186 is divided by 33.
25
Calculate the remainder when 6756570 is divided by 17.
5
What is the remainder when 703035785 is divided by 36?
29
Calculate the remainder when 9206651 is divided by 44.
3
What is the remainder when 65434 is divided by 173?
40
What is the remainder when 3674 is divided by 1244?
1186
Calculate the remainder when 12926531 is divided by 17879.
14
What is the remainder when 19119491 is divided by 47?
32
What is the remainder when 8909 is divided by 116?
93
What is the remainder when 34089260 is divided by 16?
12
Calculate the remainder when 200920 is divided by 839.
399
What is the remainder when 4134437 is divided by 471?
470
What is the remainder when 31714 is divided by 26927?
4787
Calculate the remainder when 147636 is divided by 147595.
41
What is the remainder when 44392023 is divided by 536?
503
Calculate the remainder when 3020327 is divided by 32131.
13
What is the remainder when 3034871 is divided by 2797?
126
Calculate the remainder when 5784085 is divided by 209.
10
What is the remainder when 10281503 is divided by 1991?
1970
Calculate the remainder when 26983 is divided by 3341.
255
Calculate the remainder when 24885 is divided by 133.
14
Calculate the remainder when 103066706 is divided by 21.
8
Calculate the remainder when 59319382 is divided by 3223.
67
Calculate the remainder when 109728108 is divided by 45.
18
Calculate the remainder when 430852 is divided by 62.
14
What is the remainder when 910671 is divided by 303535?
66
What is the remainder when 10057 is divided by 813?
301
Calculate the remainder when 5303928 is divided by 4058.
122
What is the remainder when 33444338 is divided by 815?
813
Calculate the remainder when 1194404178 is divided by 477.
471
Calculate the remainder when 16818 is divided by 4517.
3267
Calculate the remainder when 15072554 is divided by 15.
14
Calculate the remainder when 103669 is divided by 317.
10
What is the remainder when 1203231 is divided by 2292?
2223
What is the remainder when 2459979 is divided by 466?
431
What is the remainder when 329452010 is divided by 11?
8
Calculate the remainder when 764792 is divided by 95597.
16
Calculate the remainder when 119263 is divided by 834.
1
What is the remainder when 3934009 is divided by 135655?
14
Calculate the remainder when 533463 is divided by 182.
21
Calculate the remainder when 32462618 is divided by 1248562.
6
What is the remainder when 135175247 is divided by 104?
103
Calculate the remainder when 9972 is divided by 13.
1
What is the remainder when 1152152 is divided by 3040?
3032
What is the remainder when 43653 is divided by 7655?
5378
Calculate the remainder when 102251 is divided by 526.
207
Calculate the remainder when 954491 is divided by 33.
32
Calculate the remainder when 22150 is divided by 850.
50
Calculate the remainder when 204698 is divided by 13636.
158
Calculate the remainder when 232214 is divided by 230175.
2039
Calculate the remainder when 17795 is divided by 17640.
155
What is the remainder when 2543347 is divided by 239?
148
What is the remainder when 1797848 is divided by 3715?
3503
Calculate the remainder when 258204 is divided by 86052.
48
Calculate the remainder when 9325457 is divided by 1036161.
8
Calculate the remainder when 161285 is divided by 1323.
1202
What is the remainder when 70632758 is divided by 250?
8
Calculate the remainder when 147214 is divided by 5888.
14
What is the remainder when 1280306 is divided by 14385?
41
What is the remainder when 1278232 is divided by 4648?
32
What is the remainder when 1285872 is divided by 523?
338
Calculate the remainder when 2287586 is divided by 233.
225
What is the remainder when 4788471 is divided by 5?
1
Calculate the remainder when 1833368 is divided by 2869.
77
What is the remainder when 221459 is divided by 2640?
2339
What is the remainder when 14389826 is divided by 52?
22
Calculate the remainder when 387883077 is divided by 7020.
7017
What is the remainder when 14656469 is divided by 6605?
6579
What is the remainder when 5627855 is divided by 165525?
5
Calculate the remainder when 14506 is divided by 1619.
1554
Calculate the remainder when 159123 is divided by 125.
123
What is the remainder when 168764053 is divided by 2406?
2401
Calculate the remainder when 550552873 is divided by 15.
13
What is the remainder when 4429446 is divided by 106?
24
What is the remainder when 102800 is divided by 1238?
46
Calculate the remainder when 4523833 is divided by 1130935.
93
What is the remainder when 2655086 is divided by 4?
2
What is the remainder when 485948 is divided by 242956?
36
What is the remainder when 711813 is divided by 237242?
87
Calculate the remainder when 884689 is divided by 58978.
19
Calculate the remainder when 5133208 is divided by 2428.
416
Calculate the remainder when 4608236 is divided by 546.
542
Calculate the remainder when 1162911 is divided by 8766.
5799
Calculate the remainder when 323746032 is divided by 6174.
6168
Calculate the remainder when 4188323 is divided by 24.
11
Calculate the remainder when 29623029 is divided by 1181.
6
What is the remainder when 257165 is divided by 38?
19
Calculate the remainder when 402399 is divided by 402381.
18
What is the remainder when 418728 is divided by 209269?
190
What is the remainder when 11429354 is divided by 1428668?
10
What is the remainder when 6819897 is divided by 2273291?
24
Calculate the remainder when 393835 is divided by 17120.
75
Calculate the remainder when 8465757 is divided by 4232871.
15
Calculate the remainder when 1554962 is divided by 777462.
38
Calculate the remainder when 115220205 is divided by 4908.
4905
Calculate the remainder when 65860630 is divided by 4280.
4270
What is the remainder when 1946328 is divided by 248?
24
Calculate the remainder when 124492 is divided by 30038.
4340
What is the remainder when 2380515 is divided by 48578?
193
Calculate the remainder when 1439252 is divided by 287461.
1947
What is the remainder when 3546149 is divided by 232?
29
Calculate the remainder when 547618 is divided by 478.
308
What is the remainder when 54279962 is divided by 3119?
5
Calculate the remainder when 7239331 is divided by 6836.
7
What is the remainder when 77530370 is divided by 473?
467
Calculate the remainder when 17897845 is divided by 17897778.
67
Calculate the remainder when 3940498 is divided by 3940399.
99
What is the remainder when 1050552 is divided by 52?
48
What is the remainder when 392210 is divided by 57?
50
What is the remainder when 15364 is divided by 2237?
1942
What is the remainder when 1724997 is divided by 2140?
157
What is the remainder when 1740917 is divided by 580301?
14
What is the remainder when 3588715 is divided by 1673?
130
What is the remainder when 823051 is divided by 1527?
1525
What is the remainder when 613916 is divided by 510?
386
Calculate the remainder when 1631029 is divided by 422.
421
Calculate the remainder when 289593 is divided by 41220.
1053
Calculate the remainder when 2825061 is divided by 256822.
19
What is the remainder when 444978745 is divided by 103?
102
Calculate the remainder when 52129865 is divided by 115.
20
Calculate the remainder when 1697352 is divided by 323.
310
What is the remainder when 42281 is divided